 + 5. Suppose 0 = 4*c - 2*m - 0*m - 14, 3*m + 13 = 4*c. Give q(c).
1
Let j = -16 - -9. Let k(y) = -21*y + 10. Let n(v) be the second derivative of -7*v**3/6 + 3*v**2/2 - 22*v. Let g(l) = j*n(l) + 2*k(l). Calculate g(-1).
-8
Let s be (-8 - -3) + (3 - 2). Let c(x) be the first derivative of -x**3/3 - 2*x**2 - 2*x + 2. Give c(s).
-2
Let b(n) = n**2 + 2*n - 3. Let i be ((-8)/6)/(20/6 + -3). What is b(i)?
5
Let r(o) = -o**3 + 6*o**2 - 4*o - 2. Let c = 17 + -15. Suppose -2*x = -8 - c. What is r(x)?
3
Let j(h) = -8*h + 2*h - 4*h**2 - h**2 + 4*h**2 + 6. Give j(-6).
6
Suppose -3*b = -6*b - 12. Let h = b - -7. Let l(u) = -3*u + 3. What is l(h)?
-6
Let q(k) = k - 3. Suppose -4*b - 40 = -4*j, 5*j + 4*b - 120 = -43. Let d = 9 - j. Give q(d).
-7
Let p(r) be the third derivative of -1/3*r**3 + 0*r - 1/10*r**5 - r**2 - 1/120*r**6 - 1/6*r**4 + 0. Let s(n) = n - 9. Let b be s(4). Give p(b).
-7
Suppose -2*n + 4 = -0. Suppose -4*a + 4*q = -a, -n*a + 3*q = 0. Let h(z) = 4*z**3 - 5 - 2*z**3 + z - z**3. What is h(a)?
-5
Suppose 4*x - 8 = 24. Let q(j) = j**2 - 6*j - 10. What is q(x)?
6
Let g(b) be the first derivative of b**4/4 - 5*b**3/3 - b**2/2 + b + 163. Let p(z) = -z**3 + 6*z**2 - 3*z + 6. Let d be p(6). Let a = -7 - d. What is g(a)?
-4
Let m(c) be the first derivative of -c**3/3 - c**2 - 6*c + 2. Let b be (35 + -33)/((-1)/((-4)/(-2))). Determine m(b).
-14
Let r(i) = -i + 5. Suppose -5 = -4*x - 4*q - 1, -4*x + 2 = 2*q. Let j be r(x). Let t(g) = 0*g**3 - 7*g + 5 + 6*g**2 - g**3 + 1. Calculate t(j).
-4
Let p(k) = k**3 - 2*k + 3. Let q(g) = g**2 + g. Let n(l) = -p(l) - 3*q(l). Let j be (12/10)/((-8)/20). Give n(j).
0
Let n(a) = -4*a**3 + a**2 - 1. Let y(z) = 5*z**3 + z. Let c(f) = -6*n(f) - 5*y(f). Suppose -3*t + 6 - 21 = 0. What is c(t)?
6
Let h(o) = 24*o + 21. Let i(g) = -g - 1. Suppose 0 = -4*a - 152 - 100. Let r(s) = a*i(s) - 3*h(s). Calculate r(1).
-9
Let w(s) = s**2 + 2*s + 3. Let v be (6/9)/((-4)/66). Let l be v/5 - (-3)/15. Give w(l).
3
Let v(d) = -3*d - d + 1 + 0 + 3*d. What is v(-4)?
5
Suppose -5*v + 28 = -2. Let t(i) = -5 - 4*i + i**3 + 2*i**3 - 4*i**3 + i + v*i**2. Determine t(5).
5
Suppose -1 + 3 = 2*s. Suppose -3*u = v + v - 1, -u = -s. Let x(i) = 2*i. Give x(v).
-2
Let r(p) be the first derivative of -p**2 + 3*p + 1. Suppose -4*y + 3*y - l = 3, 22 = 2*y - 5*l. Let k(f) = 3*f**2 - 1. Let a be k(y). Calculate r(a).
-1
Let k = -23 - -39. Suppose 0 = 4*t + b + b - 8, -4*b + k = -2*t. Suppose n = -3 - t. Let s(o) = o**2 + 2*o + 2. Determine s(n).
5
Let w(r) = r**2 + 1. Let a(c) = 3*c**2 + 3*c. Let q(y) = a(y) - 2*w(y). Let z = 5 + -7. Calculate q(z).
-4
Let a(h) = h**3 - 2*h**2 - 5*h + 4. Let d(j) = 2*j**2 + 6*j - 5. Let z be d(-4). Give a(z).
-2
Suppose 26 - 10 = 4*y, 0 = 2*v + 4*y - 20. Let l(k) = k**2 - 4*k + 3. Let z be l(v). Let h(s) = -s - 1. What is h(z)?
0
Let y(g) = -g**2 - 4*g. Let l be y(-5). Let d(f) = f**2 + 7*f. Give d(l).
-10
Let j(c) = -3 + 3 - 2*c - 2. Determine j(2).
-6
Let q = -67 + 69. Suppose 1 = -4*l + 9. Let m(p) = q*p + p - 4*p + l. Give m(3).
-1
Let y(b) be the first derivative of -2/3*b**3 - 1/4*b**4 + 1/2*b**2 - 3 - b. Calculate y(-3).
5
Let z(m) = m**3 + 8*m**2 + m - 7. Let p(k) = 3*k**3 + 23*k**2 + 3*k - 20. Let x(c) = 4*p(c) - 11*z(c). Give x(-3).
3
Let x(q) = q**2 - 3*q + 3. Let p = 4 + -9. Let y = p + 8. Let h be x(y). Let s(o) = o**3 - 3*o**2 + o - 4. Calculate s(h).
-1
Suppose -3*b + 6*b - 12 = 0. Let f(w) = -2*w + 6. What is f(b)?
-2
Let b be (-182)/(-49) + (-4)/(-14). Suppose 0 = u - 2*u + b. Suppose 5*n - n - u*w = -4, 5*n - 2*w + 5 = 0. Let a(s) = -2*s**2. Calculate a(n).
-2
Let r(x) = 3*x + 2. Let a(u) = 5*u - 1. Let s be a(1). Let f be s*1*(2 + -1). Let i = 2 - f. Determine r(i).
-4
Let d = -14 - -8. Let p be -3*d/(-27)*3. Let m be p/(-5) + 14/(-10). Let a(i) = 4*i**3 + i**2 + i + 1. Determine a(m).
-3
Let u(n) = 2*n**2 - 2*n. Suppose -o + m = 0, 4*m + 3 = 3*o + 5. Give u(o).
4
Let v(k) = k**3 - 3*k**2 + k - 3. Let y be v(3). Let o(a) = a**3 - a**2 + a. Determine o(y).
0
Let m(b) = 1 - 3 - 4*b + 1. Let i = 11 - 12. Determine m(i).
3
Let l(n) be the first derivative of 2/3*n**3 - 3/2*n**2 + 0*n - 1/120*n**6 - 1/6*n**4 + 1/20*n**5 + 2. Let j(w) be the second derivative of l(w). What is j(3)?
-8
Let o = 13 - 16. Let w(p) = -p**3 - p**2 + 2*p - 3. Give w(o).
9
Let d(w) = -11*w + 1. Suppose -3*l - 12 = 5*x - 0, 0 = -3*l + 5*x + 18. Calculate d(l).
-10
Let m(o) = 2*o + 6. Let v(r) = -4*r**3 - 2*r**2 + 4*r - 3. Let h be v(1). Determine m(h).
-4
Let b(k) = -k - 5. Let a = -16 + 9. Calculate b(a).
2
Let c(p) be the second derivative of 7*p**5/120 - p**4/24 - 2*p**3/3 - 2*p. Let s(w) be the second derivative of c(w). Calculate s(1).
6
Let m = -9 - 0. Let s = -5 - m. Let u(n) = -n**3 + 1 - s*n + 2*n**3 - n**2 + 2. Give u(2).
-1
Let z be -8*(6 - 0)/(-3). Suppose 5*b + z = -9. Let w(l) = -l**2 - 5*l + 6. What is w(b)?
6
Let s(d) = d**2 - d - 1. Let n(v) = -6*v**2 + 11*v + 4. Let h(p) = -n(p) - 5*s(p). Let i(l) be the first derivative of h(l). Determine i(5).
4
Let v(j) be the second derivative of -j**4/12 + j**3 + j**2/2 - 10*j. Suppose 3*m - 14 - 15 = -4*n, 4*m + 8 = 4*n. Give v(n).
6
Let y(q) = 2*q + 6. Suppose 0*g = -4*g - 20. Let n be y(g). Let f(b) = -b + 3. What is f(n)?
7
Let i(f) be the second derivative of -f**3/6 - f**2 - 20*f. Calculate i(-10).
8
Let y(j) be the third derivative of -1/60*j**6 + 0*j + 0*j**5 + 0 - 4*j**2 + 0*j**3 + 1/24*j**4. Give y(1).
-1
Let m(p) be the second derivative of -1/6*p**3 - 3/2*p**2 + 0 - 1/20*p**5 + 3*p - 1/3*p**4. What is m(-4)?
1
Suppose -v = -4*z - 15, -z - 2*z - 6 = v. Let d(c) be the third derivative of -1/6*c**v - 1/60*c**6 + 0*c**5 + 0*c - 2*c**2 + 0*c**4 + 0. Give d(1).
-3
Let k(p) = -p**3 + 10*p**2 - 8*p - 4. Suppose 2*c - 43 = -5*a, -c + 3*a + 12 = 2*c. Let m be k(c). Let j(t) = -2 + t + 0*t + 0*t. Give j(m).
3
Let r(q) be the first derivative of q**2/2 - 3*q - 7. What is r(2)?
-1
Let u = 8 - 5. Let h(f) = 5*f - 4*f - 5 - u. Calculate h(6).
-2
Suppose 0 = -4*r - d - 15, 4*r + 5 = -0*d - 3*d. Let w(q) be the second derivative of q**3/3 - 2*q**2 - 2*q. What is w(r)?
-14
Let w(x) = -7*x**3 - 2*x**2 + 1. Let f = 12 - 17. Let n be 3/f + (-10)/25. Calculate w(n).
6
Let k(a) be the third derivative of -a**5/60 - a**4/3 - 6*a**2. Let f(x) = -x**2 - 9*x. Let i(n) = -5*f(n) + 6*k(n). Calculate i(-2).
2
Let c(f) = 2*f. Let q be 1/(-2)*12/2. Give c(q).
-6
Let g(r) = -8*r**3 + 4*r**2 - 5*r - 4. Let s(z) = -z**3 + z**2 - z - 1. Let w(h) = g(h) - 5*s(h). Let j be 11/9 - 4/18. Let n = 0 + j. Determine w(n).
-3
Let z be (2/3)/((-10)/(-15)). Let m = z + 1. Let r(u) be the third derivative of -u**4/6 + 6*u**2. What is r(m)?
-8
Let c(q) = -9*q**3 + 3*q**2 - 2*q + 24*q**3 - 14*q**3. Calculate c(-2).
8
Let m(s) = -2*s - 2. Suppose 22 = -5*u + 3*p, -4*u + 10 = 5*p - 2. Let o be (4 + u)*(-5)/(-2). Suppose 0 = -o*y - 15. Give m(y).
4
Let i(p) be the third derivative of -1/720*p**6 + 1/120*p**5 - 1/6*p**4 + 0*p**3 - 2*p**2 + 0*p + 0. Let t(j) be the second derivative of i(j). Give t(-2).
3
Let b(l) be the first derivative of -l**2/2 - 1. Let k(x) = -x**3 + x**2 + 5*x + 8. Let o = -12 + 18. Let f(z) = o*b(z) + k(z). What is f(0)?
8
Suppose 27 = 5*k + l, 3*k + 18 = 5*k - 2*l. Let s(x) = -x + 4. Determine s(k).
-2
Let o(d) be the second derivative of 1/3*d**3 + 5*d + 0 + d**4 + 1/2*d**2. Give o(-1).
11
Let j(u) be the second derivative of u**4/12 - u**3/6 + 9*u**2/2 + 4*u. Calculate j(0).
9
Let f(s) = -5*s - 1. Let h be f(1). Let i = h - -8. Suppose -y = -2*x + 2, 2*x = i*y - 2 + 8. Let l(u) = -10*u**3 - 1. Calculate l(x).
9
Suppose -2*u + 0*u = 0. Let d be 4/(-18) + 116/36. Let f(a) = a**2 - 5*a - a**d + 4*a + 0 + 3. Determine f(u).
3
Let c(i) = i**2 + 1. Suppose 2*t + 12 = -2. Let s = t - -6. Give c(s).
2
Let s be 2*-2*(-6)/(-8). Let f(d) = -d**3 - 2*d**2 + 2*d - 3. Let m be f(s). Let y(j) = -4 + m*j - 2*j + j. Calculate y(0).
-4
Let g = 6 + -12. Let l(k) = -k**3 - 5*k**2 + 5*k - 8. Give l(g).
-2
Suppose 2*k - 15 = -z - 0*k, 0 = -3*z - 3*k + 30. Let m(h) = -h + 4*h - z*h + 0*h. Let a be 3/(-9) - 7/(-3). What is m(a)?
-4
Suppose 5*y - 5 - 5 = 0. Let w(j) = 2*j + y*j - 3*j + 5*j. What is w(2)?
12
Let u(k) be the second derivative of k**3/2 + k**2 - k. Let a = -1 + 3. Suppose -10 = -a*c + 7*c. What is 